{"id":436,"date":"2024-02-08T14:14:00","date_gmt":"2024-02-08T14:14:00","guid":{"rendered":"https:\/\/misionerosdeesperanza.org\/.website_7a143cd0\/?page_id=436"},"modified":"2025-10-23T21:29:37","modified_gmt":"2025-10-23T21:29:37","slug":"llamada-a-la-accion","status":"publish","type":"page","link":"https:\/\/misionerosdeesperanza.org\/.website_7a143cd0\/llamada-a-la-accion\/","title":{"rendered":"Llamada a la Acci\u00f3n"},"content":{"rendered":"\t\t<div data-elementor-type=\"page\" data-elementor-id=\"436\" class=\"elementor elementor-436\">\n\t\t\t\t<div class=\"has_eae_slider elementor-element elementor-element-8aa3323 e-flex e-con-boxed e-con e-parent\" data-eae-slider=\"84466\" data-id=\"8aa3323\" data-element_type=\"container\" data-e-type=\"container\" id=\"Donate\">\n\t\t\t\t\t<div class=\"e-con-inner\">\n\t\t\t\t<div class=\"elementor-element elementor-element-7183905 elementor-widget elementor-widget-heading\" data-id=\"7183905\" data-element_type=\"widget\" data-e-type=\"widget\" data-widget_type=\"heading.default\">\n\t\t\t\t<div class=\"elementor-widget-container\">\n\t\t\t\t\t<h2 class=\"elementor-heading-title elementor-size-default\">Donar<\/h2>\t\t\t\t<\/div>\n\t\t\t\t<\/div>\n\t\t\t\t\t<\/div>\n\t\t\t\t<\/div>\n\t\t<div class=\"has_eae_slider elementor-element elementor-element-c8d1e65 e-flex e-con-boxed e-con e-parent\" data-eae-slider=\"69175\" data-id=\"c8d1e65\" data-element_type=\"container\" data-e-type=\"container\">\n\t\t\t\t\t<div class=\"e-con-inner\">\n\t\t\t\t<div class=\"elementor-element elementor-element-260a18a elementor-widget elementor-widget-text-editor\" data-id=\"260a18a\" data-element_type=\"widget\" data-e-type=\"widget\" data-widget_type=\"text-editor.default\">\n\t\t\t\t<div class=\"elementor-widget-container\">\n\t\t\t\t\t\t\t\t\t<p>Puede donar directamente a las siguientes cuentas:<\/p>\t\t\t\t\t\t\t\t<\/div>\n\t\t\t\t<\/div>\n\t\t\t\t<div class=\"elementor-element elementor-element-6640e9d elementor-widget elementor-widget-text-editor\" data-id=\"6640e9d\" data-element_type=\"widget\" data-e-type=\"widget\" data-widget_type=\"text-editor.default\">\n\t\t\t\t<div class=\"elementor-widget-container\">\n\t\t\t\t\t\t\t\t\t<p><strong>Fundaci\u00f3n Misioneros de Esperanza<\/strong><\/p>\t\t\t\t\t\t\t\t<\/div>\n\t\t\t\t<\/div>\n\t\t\t\t\t<\/div>\n\t\t\t\t<\/div>\n\t\t<div class=\"has_eae_slider elementor-element elementor-element-c15b40b e-grid e-con-boxed e-con e-parent\" data-eae-slider=\"22907\" data-id=\"c15b40b\" data-element_type=\"container\" data-e-type=\"container\">\n\t\t\t\t\t<div class=\"e-con-inner\">\n\t\t\t\t<div class=\"elementor-element elementor-element-9125148 elementor-widget__width-initial elementor-widget elementor-widget-text-editor\" data-id=\"9125148\" data-element_type=\"widget\" data-e-type=\"widget\" data-widget_type=\"text-editor.default\">\n\t\t\t\t<div class=\"elementor-widget-container\">\n\t\t\t\t\t\t\t\t\t<p style=\"text-align: center;\"><strong>Banco:<\/strong> BAC<br \/><strong>Cuenta:<\/strong> 727643311<br \/><strong>Moneda:<\/strong> Lempira<\/p>\t\t\t\t\t\t\t\t<\/div>\n\t\t\t\t<\/div>\n\t\t\t\t<div class=\"elementor-element elementor-element-a168f9f elementor-widget__width-initial elementor-widget elementor-widget-text-editor\" data-id=\"a168f9f\" data-element_type=\"widget\" data-e-type=\"widget\" data-widget_type=\"text-editor.default\">\n\t\t\t\t<div class=\"elementor-widget-container\">\n\t\t\t\t\t\t\t\t\t<p style=\"text-align: center;\"><strong>Banco:<\/strong> BAC<br \/><strong>Cuenta:<\/strong> 727643481<br \/><strong>Moneda:<\/strong>\u00a0D\u00f3lares<\/p>\t\t\t\t\t\t\t\t<\/div>\n\t\t\t\t<\/div>\n\t\t\t\t\t<\/div>\n\t\t\t\t<\/div>\n\t\t<div class=\"has_eae_slider elementor-element elementor-element-5c2f271 e-flex e-con-boxed e-con e-parent\" data-eae-slider=\"53859\" data-id=\"5c2f271\" data-element_type=\"container\" data-e-type=\"container\">\n\t\t\t\t\t<div class=\"e-con-inner\">\n\t\t\t\t<div class=\"elementor-element elementor-element-640242d elementor-widget elementor-widget-text-editor\" data-id=\"640242d\" data-element_type=\"widget\" data-e-type=\"widget\" data-widget_type=\"text-editor.default\">\n\t\t\t\t<div class=\"elementor-widget-container\">\n\t\t\t\t\t\t\t\t\t<p style=\"text-align: center;\">Favor contactarnos para ver la mejor forma en que usted pueda apoyarnos.<\/p>\t\t\t\t\t\t\t\t<\/div>\n\t\t\t\t<\/div>\n\t\t\t\t<div class=\"elementor-element elementor-element-b0277cb elementor-widget elementor-widget-eael-creative-button\" data-id=\"b0277cb\" data-element_type=\"widget\" data-e-type=\"widget\" data-widget_type=\"eael-creative-button.default\">\n\t\t\t\t<div class=\"elementor-widget-container\">\n\t\t\t\t\t        <div class=\"eael-creative-button-wrapper\">\n\n            <a class=\"eael-creative-button eael-creative-button--default eael-cb-icon-position-right\" href=\"mailto:infor@misionerosdeesperanza.org\" data-text=\"Enviar Correo\">\n            \t    \n                <div class=\"creative-button-inner\">\n\n                    \n                    <span class=\"cretive-button-text\">Enviar Correo<\/span>\n\n                                            <span class=\"eael-creative-button-icon-right\"><svg aria-hidden=\"true\" class=\"e-font-icon-svg e-fas-angle-right\" viewBox=\"0 0 256 512\" xmlns=\"http:\/\/www.w3.org\/2000\/svg\"><path d=\"M224.3 273l-136 136c-9.4 9.4-24.6 9.4-33.9 0l-22.6-22.6c-9.4-9.4-9.4-24.6 0-33.9l96.4-96.4-96.4-96.4c-9.4-9.4-9.4-24.6 0-33.9L54.3 103c9.4-9.4 24.6-9.4 33.9 0l136 136c9.5 9.4 9.5 24.6.1 34z\"><\/path><\/svg><\/span>                                    <\/div>\n\t                        <\/a>\n        <\/div>\n        \t\t\t\t<\/div>\n\t\t\t\t<\/div>\n\t\t\t\t\t<\/div>\n\t\t\t\t<\/div>\n\t\t<div class=\"has_eae_slider elementor-element elementor-element-dfe7155 e-flex e-con-boxed e-con e-parent\" data-eae-slider=\"64040\" data-id=\"dfe7155\" data-element_type=\"container\" data-e-type=\"container\" id=\"Misiones\">\n\t\t\t\t\t<div class=\"e-con-inner\">\n\t\t\t\t<div class=\"elementor-element elementor-element-a8f5d1d elementor-widget elementor-widget-heading\" data-id=\"a8f5d1d\" data-element_type=\"widget\" data-e-type=\"widget\" data-widget_type=\"heading.default\">\n\t\t\t\t<div class=\"elementor-widget-container\">\n\t\t\t\t\t<h2 class=\"elementor-heading-title elementor-size-default\">Misiones<\/h2>\t\t\t\t<\/div>\n\t\t\t\t<\/div>\n\t\t\t\t\t<\/div>\n\t\t\t\t<\/div>\n\t\t<div class=\"has_eae_slider elementor-element elementor-element-b0f22b0 e-flex e-con-boxed e-con e-parent\" data-eae-slider=\"28597\" data-id=\"b0f22b0\" data-element_type=\"container\" data-e-type=\"container\">\n\t\t\t\t\t<div class=\"e-con-inner\">\n\t\t\t\t<div class=\"elementor-element elementor-element-3e2c8b1 elementor-widget elementor-widget-text-editor\" data-id=\"3e2c8b1\" data-element_type=\"widget\" data-e-type=\"widget\" data-widget_type=\"text-editor.default\">\n\t\t\t\t<div class=\"elementor-widget-container\">\n\t\t\t\t\t\t\t\t\t<p>Las misiones son una parte esencial de Misioneros de Esperanza. Las misiones de evangelizaci\u00f3n fueron los primeros pasos que dimos en este hermoso camino de amor al pr\u00f3jimo, all\u00e1 por el a\u00f1o 2002.<\/p><p>En 2003 nos asociamos con el <strong>Centro Cat\u00f3lico de la Universidad de Tulane<\/strong> en una serie de misiones inolvidables y centradas en el alma, que han ayudado a personas pobres en diferentes pueblos de las monta\u00f1as de El Merend\u00f3n en San Pedro Sula, Honduras.<\/p><p>Llevamos la presencia de Jes\u00fas y el cuidado amoroso a\u00f1o tras a\u00f1o a m\u00e1s de 50 aldeas. La mayor\u00eda en condici\u00f3n de extrema pobreza.<\/p><p>Hacia algunas aldeas podemos llegar en camionetas 4&#215;4, a otras debemos caminar durante varias horas hacia la monta\u00f1a. Traemos con nosotros donaciones de alimentos, ropa, juguetes y medicinas para las familias.<\/p><p>En las aldeas nos reunimos con los ni\u00f1os, para darles catecismo, jugar con ellos, reventar pi\u00f1atas y animarlos durante nuestra estancia; Con los adultos tenemos charlas sobre los costos del trabajo agr\u00edcola, gu\u00eda para padres y catequesis para adultos. Nos reunimos con la comunidad en sus iglesias y pasamos un hermoso tiempo de adoraci\u00f3n a Dios. Visitamos a las familias en sus hogares, compartimos tiempo con ellos y brindamos oportunidades de alabanza, adoraci\u00f3n, catequesis y oraci\u00f3n. Se dedica un tiempo especial a visitar y orar por los enfermos. Revisamos proyectos de mejora en sus comunidades para posteriormente buscar y encontrar ayuda efectiva para ellos. Los misioneros extranjeros se involucran en actividades comunitarias y aprenden la forma de vida de una familia rural.<\/p><p>Siempre hay mucho que hacer y parte de nuestra pasi\u00f3n es inspirar a otros a emprender una misi\u00f3n.<\/p><p>A lo largo del a\u00f1o, tenemos diferentes tipos de misiones:<\/p><p style=\"text-align: center;\">&#8211; Brigadas M\u00e9dicas<br \/>&#8211; Misiones de construcci\u00f3n<br \/>&#8211; Viajes misioneros familiares<br \/>&#8211; Viajes misioneros de padre e hijo<br \/>&#8211; Viajes misioneros juveniles<\/p>\t\t\t\t\t\t\t\t<\/div>\n\t\t\t\t<\/div>\n\t\t\t\t\t<\/div>\n\t\t\t\t<\/div>\n\t\t<div class=\"has_eae_slider elementor-element elementor-element-53b1b95 e-flex e-con-boxed e-con e-parent\" data-eae-slider=\"4445\" data-id=\"53b1b95\" data-element_type=\"container\" data-e-type=\"container\">\n\t\t\t\t\t<div class=\"e-con-inner\">\n\t\t\t\t<div class=\"elementor-element elementor-element-1ddb127 gallery-spacing-custom elementor-widget elementor-widget-image-gallery\" data-id=\"1ddb127\" data-element_type=\"widget\" data-e-type=\"widget\" data-widget_type=\"image-gallery.default\">\n\t\t\t\t<div class=\"elementor-widget-container\">\n\t\t\t\t\t\t\t<div class=\"elementor-image-gallery\">\n\t\t\t<div id='gallery-1' class='gallery galleryid-436 gallery-columns-3 gallery-size-large'><figure class='gallery-item'>\n\t\t\t<div class='gallery-icon landscape'>\n\t\t\t\t<a data-elementor-open-lightbox=\"yes\" data-elementor-lightbox-slideshow=\"1ddb127\" data-elementor-lightbox-description=\"Misi\u00f3n en aldea Gracias a Dios.\" data-e-action-hash=\"#elementor-action%3Aaction%3Dlightbox%26settings%3DeyJpZCI6MTIwMCwidXJsIjoiaHR0cHM6XC9cL21pc2lvbmVyb3NkZWVzcGVyYW56YS5vcmdcLy53ZWJzaXRlXzdhMTQzY2QwXC93cC1jb250ZW50XC91cGxvYWRzXC8yMDI0XC8wOFwvNDQzZGRjZDItMDcyMC00ZTU4LWJkYzgtMzY3ODA2Y2ZhMzYyX29wdGltaXplZF8yMDAtMS5qcGciLCJzbGlkZXNob3ciOiIxZGRiMTI3In0%3D\" href='https:\/\/misionerosdeesperanza.org\/.website_7a143cd0\/wp-content\/uploads\/2024\/08\/443ddcd2-0720-4e58-bdc8-367806cfa362_optimized_200-1.jpg'><img fetchpriority=\"high\" decoding=\"async\" width=\"800\" height=\"599\" src=\"https:\/\/misionerosdeesperanza.org\/.website_7a143cd0\/wp-content\/uploads\/2024\/08\/443ddcd2-0720-4e58-bdc8-367806cfa362_optimized_200-1.jpg\" class=\"attachment-large size-large\" alt=\"Misiones\" aria-describedby=\"gallery-1-1200\" srcset=\"https:\/\/misionerosdeesperanza.org\/.website_7a143cd0\/wp-content\/uploads\/2024\/08\/443ddcd2-0720-4e58-bdc8-367806cfa362_optimized_200-1.jpg 954w, https:\/\/misionerosdeesperanza.org\/.website_7a143cd0\/wp-content\/uploads\/2024\/08\/443ddcd2-0720-4e58-bdc8-367806cfa362_optimized_200-1-300x225.jpg 300w, https:\/\/misionerosdeesperanza.org\/.website_7a143cd0\/wp-content\/uploads\/2024\/08\/443ddcd2-0720-4e58-bdc8-367806cfa362_optimized_200-1-768x575.jpg 768w\" sizes=\"(max-width: 800px) 100vw, 800px\" \/><\/a>\n\t\t\t<\/div>\n\t\t\t\t<figcaption class='wp-caption-text gallery-caption' id='gallery-1-1200'>\n\t\t\t\tMisiones\n\t\t\t\t<\/figcaption><\/figure><figure class='gallery-item'>\n\t\t\t<div class='gallery-icon landscape'>\n\t\t\t\t<a data-elementor-open-lightbox=\"yes\" data-elementor-lightbox-slideshow=\"1ddb127\" data-elementor-lightbox-description=\"Misi\u00f3n en aldea Guanales.\" data-e-action-hash=\"#elementor-action%3Aaction%3Dlightbox%26settings%3DeyJpZCI6MTIwMSwidXJsIjoiaHR0cHM6XC9cL21pc2lvbmVyb3NkZWVzcGVyYW56YS5vcmdcLy53ZWJzaXRlXzdhMTQzY2QwXC93cC1jb250ZW50XC91cGxvYWRzXC8yMDI0XC8wOFwvNjEzOTI4NjdfMjQ3NjMxMTEyNTczMzYyM18zNjg0NTk2MDU0NjEyNzcwODE2X25fb3B0aW1pemVkXzIwMC0xLmpwZyIsInNsaWRlc2hvdyI6IjFkZGIxMjcifQ%3D%3D\" href='https:\/\/misionerosdeesperanza.org\/.website_7a143cd0\/wp-content\/uploads\/2024\/08\/61392867_2476311125733623_3684596054612770816_n_optimized_200-1.jpg'><img decoding=\"async\" width=\"800\" height=\"600\" src=\"https:\/\/misionerosdeesperanza.org\/.website_7a143cd0\/wp-content\/uploads\/2024\/08\/61392867_2476311125733623_3684596054612770816_n_optimized_200-1.jpg\" class=\"attachment-large size-large\" alt=\"Misiones\" aria-describedby=\"gallery-1-1201\" srcset=\"https:\/\/misionerosdeesperanza.org\/.website_7a143cd0\/wp-content\/uploads\/2024\/08\/61392867_2476311125733623_3684596054612770816_n_optimized_200-1.jpg 953w, https:\/\/misionerosdeesperanza.org\/.website_7a143cd0\/wp-content\/uploads\/2024\/08\/61392867_2476311125733623_3684596054612770816_n_optimized_200-1-300x225.jpg 300w, https:\/\/misionerosdeesperanza.org\/.website_7a143cd0\/wp-content\/uploads\/2024\/08\/61392867_2476311125733623_3684596054612770816_n_optimized_200-1-768x576.jpg 768w\" sizes=\"(max-width: 800px) 100vw, 800px\" \/><\/a>\n\t\t\t<\/div>\n\t\t\t\t<figcaption class='wp-caption-text gallery-caption' id='gallery-1-1201'>\n\t\t\t\tMisiones\n\t\t\t\t<\/figcaption><\/figure><figure class='gallery-item'>\n\t\t\t<div class='gallery-icon landscape'>\n\t\t\t\t<a data-elementor-open-lightbox=\"yes\" data-elementor-lightbox-slideshow=\"1ddb127\" data-elementor-lightbox-description=\"Misi\u00f3n en aldea Cruces #1.\" data-e-action-hash=\"#elementor-action%3Aaction%3Dlightbox%26settings%3DeyJpZCI6MTIwMiwidXJsIjoiaHR0cHM6XC9cL21pc2lvbmVyb3NkZWVzcGVyYW56YS5vcmdcLy53ZWJzaXRlXzdhMTQzY2QwXC93cC1jb250ZW50XC91cGxvYWRzXC8yMDI0XC8wOFwvNjEzNjQyNzJfMjQ3NzE1OTY0ODk4MjEwNF81NDI5NTQwNDE2ODUwNDkzNDQwX25fMV9vcHRpbWl6ZWRfMjAwLTEuanBnIiwic2xpZGVzaG93IjoiMWRkYjEyNyJ9\" href='https:\/\/misionerosdeesperanza.org\/.website_7a143cd0\/wp-content\/uploads\/2024\/08\/61364272_2477159648982104_5429540416850493440_n_1_optimized_200-1.jpg'><img decoding=\"async\" width=\"800\" height=\"600\" src=\"https:\/\/misionerosdeesperanza.org\/.website_7a143cd0\/wp-content\/uploads\/2024\/08\/61364272_2477159648982104_5429540416850493440_n_1_optimized_200-1.jpg\" class=\"attachment-large size-large\" alt=\"Misiones\" aria-describedby=\"gallery-1-1202\" srcset=\"https:\/\/misionerosdeesperanza.org\/.website_7a143cd0\/wp-content\/uploads\/2024\/08\/61364272_2477159648982104_5429540416850493440_n_1_optimized_200-1.jpg 953w, https:\/\/misionerosdeesperanza.org\/.website_7a143cd0\/wp-content\/uploads\/2024\/08\/61364272_2477159648982104_5429540416850493440_n_1_optimized_200-1-300x225.jpg 300w, https:\/\/misionerosdeesperanza.org\/.website_7a143cd0\/wp-content\/uploads\/2024\/08\/61364272_2477159648982104_5429540416850493440_n_1_optimized_200-1-768x576.jpg 768w\" sizes=\"(max-width: 800px) 100vw, 800px\" \/><\/a>\n\t\t\t<\/div>\n\t\t\t\t<figcaption class='wp-caption-text gallery-caption' id='gallery-1-1202'>\n\t\t\t\tMisiones\n\t\t\t\t<\/figcaption><\/figure><figure class='gallery-item'>\n\t\t\t<div class='gallery-icon landscape'>\n\t\t\t\t<a data-elementor-open-lightbox=\"yes\" data-elementor-lightbox-slideshow=\"1ddb127\" data-elementor-lightbox-description=\"Misi\u00f3n en aldea Cruces #1.\" data-e-action-hash=\"#elementor-action%3Aaction%3Dlightbox%26settings%3DeyJpZCI6MTIwMywidXJsIjoiaHR0cHM6XC9cL21pc2lvbmVyb3NkZWVzcGVyYW56YS5vcmdcLy53ZWJzaXRlXzdhMTQzY2QwXC93cC1jb250ZW50XC91cGxvYWRzXC8yMDI0XC8wOFwvRFNDMDYwNTJfb3B0aW1pemVkXzIwMC0xLmpwZyIsInNsaWRlc2hvdyI6IjFkZGIxMjcifQ%3D%3D\" href='https:\/\/misionerosdeesperanza.org\/.website_7a143cd0\/wp-content\/uploads\/2024\/08\/DSC06052_optimized_200-1.jpg'><img loading=\"lazy\" decoding=\"async\" width=\"800\" height=\"600\" src=\"https:\/\/misionerosdeesperanza.org\/.website_7a143cd0\/wp-content\/uploads\/2024\/08\/DSC06052_optimized_200-1.jpg\" class=\"attachment-large size-large\" alt=\"Misiones\" aria-describedby=\"gallery-1-1203\" srcset=\"https:\/\/misionerosdeesperanza.org\/.website_7a143cd0\/wp-content\/uploads\/2024\/08\/DSC06052_optimized_200-1.jpg 953w, https:\/\/misionerosdeesperanza.org\/.website_7a143cd0\/wp-content\/uploads\/2024\/08\/DSC06052_optimized_200-1-300x225.jpg 300w, https:\/\/misionerosdeesperanza.org\/.website_7a143cd0\/wp-content\/uploads\/2024\/08\/DSC06052_optimized_200-1-768x576.jpg 768w\" sizes=\"(max-width: 800px) 100vw, 800px\" \/><\/a>\n\t\t\t<\/div>\n\t\t\t\t<figcaption class='wp-caption-text gallery-caption' id='gallery-1-1203'>\n\t\t\t\tMisiones\n\t\t\t\t<\/figcaption><\/figure><figure class='gallery-item'>\n\t\t\t<div class='gallery-icon landscape'>\n\t\t\t\t<a data-elementor-open-lightbox=\"yes\" data-elementor-lightbox-slideshow=\"1ddb127\" data-elementor-lightbox-description=\"Misi\u00f3n con estudiantes del Centro Cat\u00f3lico de la Universidad de Tulane, USA.\" data-e-action-hash=\"#elementor-action%3Aaction%3Dlightbox%26settings%3DeyJpZCI6MTIwNCwidXJsIjoiaHR0cHM6XC9cL21pc2lvbmVyb3NkZWVzcGVyYW56YS5vcmdcLy53ZWJzaXRlXzdhMTQzY2QwXC93cC1jb250ZW50XC91cGxvYWRzXC8yMDI0XC8wOFwvRFNDMDg0OTRfb3B0aW1pemVkXzIwMC0xLmpwZyIsInNsaWRlc2hvdyI6IjFkZGIxMjcifQ%3D%3D\" href='https:\/\/misionerosdeesperanza.org\/.website_7a143cd0\/wp-content\/uploads\/2024\/08\/DSC08494_optimized_200-1.jpg'><img loading=\"lazy\" decoding=\"async\" width=\"800\" height=\"600\" src=\"https:\/\/misionerosdeesperanza.org\/.website_7a143cd0\/wp-content\/uploads\/2024\/08\/DSC08494_optimized_200-1.jpg\" class=\"attachment-large size-large\" alt=\"Misiones\" aria-describedby=\"gallery-1-1204\" srcset=\"https:\/\/misionerosdeesperanza.org\/.website_7a143cd0\/wp-content\/uploads\/2024\/08\/DSC08494_optimized_200-1.jpg 953w, https:\/\/misionerosdeesperanza.org\/.website_7a143cd0\/wp-content\/uploads\/2024\/08\/DSC08494_optimized_200-1-300x225.jpg 300w, https:\/\/misionerosdeesperanza.org\/.website_7a143cd0\/wp-content\/uploads\/2024\/08\/DSC08494_optimized_200-1-768x576.jpg 768w\" sizes=\"(max-width: 800px) 100vw, 800px\" \/><\/a>\n\t\t\t<\/div>\n\t\t\t\t<figcaption class='wp-caption-text gallery-caption' id='gallery-1-1204'>\n\t\t\t\tMisiones\n\t\t\t\t<\/figcaption><\/figure><figure class='gallery-item'>\n\t\t\t<div class='gallery-icon landscape'>\n\t\t\t\t<a data-elementor-open-lightbox=\"yes\" data-elementor-lightbox-slideshow=\"1ddb127\" data-elementor-lightbox-description=\"Aldea El Porvenir.\" data-e-action-hash=\"#elementor-action%3Aaction%3Dlightbox%26settings%3DeyJpZCI6MTIwNywidXJsIjoiaHR0cHM6XC9cL21pc2lvbmVyb3NkZWVzcGVyYW56YS5vcmdcLy53ZWJzaXRlXzdhMTQzY2QwXC93cC1jb250ZW50XC91cGxvYWRzXC8yMDI0XC8wOFwvRFNDMDk0MDhfMV9vcHRpbWl6ZWRfMjAwLmpwZyIsInNsaWRlc2hvdyI6IjFkZGIxMjcifQ%3D%3D\" href='https:\/\/misionerosdeesperanza.org\/.website_7a143cd0\/wp-content\/uploads\/2024\/08\/DSC09408_1_optimized_200.jpg'><img loading=\"lazy\" decoding=\"async\" width=\"800\" height=\"600\" src=\"https:\/\/misionerosdeesperanza.org\/.website_7a143cd0\/wp-content\/uploads\/2024\/08\/DSC09408_1_optimized_200.jpg\" class=\"attachment-large size-large\" alt=\"Misiones\" aria-describedby=\"gallery-1-1207\" srcset=\"https:\/\/misionerosdeesperanza.org\/.website_7a143cd0\/wp-content\/uploads\/2024\/08\/DSC09408_1_optimized_200.jpg 953w, https:\/\/misionerosdeesperanza.org\/.website_7a143cd0\/wp-content\/uploads\/2024\/08\/DSC09408_1_optimized_200-300x225.jpg 300w, https:\/\/misionerosdeesperanza.org\/.website_7a143cd0\/wp-content\/uploads\/2024\/08\/DSC09408_1_optimized_200-768x576.jpg 768w\" sizes=\"(max-width: 800px) 100vw, 800px\" \/><\/a>\n\t\t\t<\/div>\n\t\t\t\t<figcaption class='wp-caption-text gallery-caption' id='gallery-1-1207'>\n\t\t\t\tMisiones\n\t\t\t\t<\/figcaption><\/figure>\n\t\t<\/div>\n\t\t<\/div>\n\t\t\t\t\t\t<\/div>\n\t\t\t\t<\/div>\n\t\t\t\t\t<\/div>\n\t\t\t\t<\/div>\n\t\t<div class=\"has_eae_slider elementor-element elementor-element-639d23f e-flex e-con-boxed e-con e-parent\" data-eae-slider=\"59968\" data-id=\"639d23f\" data-element_type=\"container\" data-e-type=\"container\">\n\t\t\t\t\t<div class=\"e-con-inner\">\n\t\t\t\t<div class=\"elementor-element elementor-element-b6985c6 elementor-widget elementor-widget-spacer\" data-id=\"b6985c6\" data-element_type=\"widget\" data-e-type=\"widget\" data-widget_type=\"spacer.default\">\n\t\t\t\t<div class=\"elementor-widget-container\">\n\t\t\t\t\t\t\t<div class=\"elementor-spacer\">\n\t\t\t<div class=\"elementor-spacer-inner\"><\/div>\n\t\t<\/div>\n\t\t\t\t\t\t<\/div>\n\t\t\t\t<\/div>\n\t\t\t\t\t<\/div>\n\t\t\t\t<\/div>\n\t\t\t\t<\/div>\n\t\t","protected":false},"excerpt":{"rendered":"<p>Donar Puede donar directamente a las siguientes cuentas: Fundaci\u00f3n Misioneros de Esperanza Banco: BACCuenta: 727643311Moneda: Lempira Banco: BACCuenta: 727643481Moneda:\u00a0D\u00f3lares Favor contactarnos para ver la mejor forma en que usted pueda apoyarnos. Enviar Correo Misiones Las misiones son una parte esencial de Misioneros de Esperanza. Las misiones de evangelizaci\u00f3n fueron los primeros pasos que dimos en [&hellip;]<\/p>\n","protected":false},"author":1,"featured_media":0,"parent":0,"menu_order":0,"comment_status":"closed","ping_status":"closed","template":"elementor_header_footer","meta":{"nf_dc_page":"","footnotes":""},"class_list":["post-436","page","type-page","status-publish","hentry"],"_links":{"self":[{"href":"https:\/\/misionerosdeesperanza.org\/.website_7a143cd0\/wp-json\/wp\/v2\/pages\/436","targetHints":{"allow":["GET"]}}],"collection":[{"href":"https:\/\/misionerosdeesperanza.org\/.website_7a143cd0\/wp-json\/wp\/v2\/pages"}],"about":[{"href":"https:\/\/misionerosdeesperanza.org\/.website_7a143cd0\/wp-json\/wp\/v2\/types\/page"}],"author":[{"embeddable":true,"href":"https:\/\/misionerosdeesperanza.org\/.website_7a143cd0\/wp-json\/wp\/v2\/users\/1"}],"replies":[{"embeddable":true,"href":"https:\/\/misionerosdeesperanza.org\/.website_7a143cd0\/wp-json\/wp\/v2\/comments?post=436"}],"version-history":[{"count":12,"href":"https:\/\/misionerosdeesperanza.org\/.website_7a143cd0\/wp-json\/wp\/v2\/pages\/436\/revisions"}],"predecessor-version":[{"id":1368,"href":"https:\/\/misionerosdeesperanza.org\/.website_7a143cd0\/wp-json\/wp\/v2\/pages\/436\/revisions\/1368"}],"wp:attachment":[{"href":"https:\/\/misionerosdeesperanza.org\/.website_7a143cd0\/wp-json\/wp\/v2\/media?parent=436"}],"curies":[{"name":"wp","href":"https:\/\/api.w.org\/{rel}","templated":true}]}}